 (base 6) in base 3?
2002
What is 266 (base 8) in base 2?
10110110
Convert -1121 (base 7) to base 10.
-407
Convert -5 (base 8) to base 13.
-5
Convert 2 (base 13) to base 2.
10
What is -6 (base 14) in base 6?
-10
103 (base 7) to base 5
202
Convert 20 (base 3) to base 14.
6
-14 (base 6) to base 9
-11
Convert -5a (base 12) to base 7.
-130
Convert -120 (base 3) to base 9.
-16
What is c (base 14) in base 11?
11
Convert 120 (base 5) to base 4.
203
3 (base 4) to base 7
3
191 (base 16) to base 3
112212
What is 130 (base 4) in base 12?
24
What is -2211 (base 4) in base 12?
-119
c8 (base 16) to base 5
1300
-1 (base 7) to base 11
-1
What is -2 (base 12) in base 11?
-2
-4 (base 14) to base 13
-4
36 (base 10) to base 11
33
What is -63 (base 8) in base 2?
-110011
Convert 44 (base 6) to base 10.
28
Convert 1 (base 4) to base 14.
1
424 (base 6) to base 5
1120
177 (base 14) to base 7
610
1 (base 14) to base 4
1
What is 1 (base 7) in base 2?
1
What is -4 (base 16) in base 10?
-4
62 (base 14) to base 8
126
What is 0 (base 13) in base 16?
0
What is 5 (base 12) in base 11?
5
3 (base 13) to base 6
3
What is -101110 (base 2) in base 10?
-46
Convert 10 (base 4) to base 9.
4
-2 (base 10) to base 16
-2
Convert 24 (base 12) to base 2.
11100
Convert 1 (base 16) to base 15.
1
4 (base 10) to base 7
4
Convert -42 (base 16) to base 4.
-1002
Convert -132 (base 4) to base 8.
-36
What is 1201 (base 3) in base 14?
34
Convert -199 (base 10) to base 9.
-241
10 (base 2) to base 12
2
0 (base 14) to base 15
0
Convert -1 (base 7) to base 9.
-1
-1001 (base 2) to base 8
-11
What is -1 (base 16) in base 2?
-1
-2 (base 13) to base 16
-2
What is 11 (base 5) in base 16?
6
What is -234 (base 5) in base 7?
-126
What is 94 (base 11) in base 14?
75
What is -2 (base 5) in base 2?
-10
Convert -31 (base 6) to base 11.
-18
Convert 33 (base 4) to base 6.
23
Convert -1 (base 7) to base 2.
-1
3 (base 5) to base 7
3
14 (base 10) to base 15
e
-1 (base 5) to base 14
-1
What is -1 (base 3) in base 12?
-1
What is -212 (base 4) in base 13?
-2c
199 (base 11) to base 12
171
What is 24 (base 14) in base 15?
22
What is 321 (base 11) in base 6?
1442
What is -10 (base 3) in base 2?
-11
78 (base 9) to base 8
107
What is -124 (base 10) in base 13?
-97
-224 (base 9) to base 5
-1214
160 (base 11) to base 7
355
Convert -2 (base 7) to base 12.
-2
Convert 10 (base 3) to base 13.
3
Convert 124 (base 5) to base 15.
29
Convert 80 (base 12) to base 9.
116
Convert -26 (base 11) to base 15.
-1d
Convert -22 (base 15) to base 12.
-28
1 (base 12) to base 8
1
-323 (base 5) to base 6
-224
31 (base 8) to base 10
25
-2 (base 14) to base 3
-2
Convert 22 (base 4) to base 3.
101
What is -130 (base 5) in base 12?
-34
Convert -4 (base 13) to base 12.
-4
Convert -13 (base 4) to base 11.
-7
120 (base 4) to base 10
24
Convert 3 (base 12) to base 14.
3
What is 13 (base 4) in base 15?
7
What is 2 (base 14) in base 5?
2
What is 2 (base 10) in base 3?
2
What is -c (base 13) in base 16?
-c
What is 23 (base 10) in base 14?
19
-b (base 14) to base 9
-12
1022 (base 4) to base 7
134
What is -30 (base 6) in base 11?
-17
What is -60 (base 12) in base 6?
-200
-15 (base 10) to base 16
-f
What is 19 (base 11) in base 3?
202
Convert -221 (base 9) to base 5.
-1211
Convert -512 (base 7) to base 4.
-3332
Convert a (base 14) to base 9.
11
Convert 22 (base 5) to base 11.
11
What is -8 (base 9) in base 4?
-20
What is -15 (base 12) in base 13?
-14
Convert -5 (base 14) to base 6.
-5
What is -24 (base 16) in base 12?
-30
What is -41 (base 8) in base 12?
-29
1 (base 12) to base 16
1
Convert 30 (base 5) to base 13.
12
What is 137 (base 16) in base 9?
375
-1024 (base 5) to base 11
-117
Convert -7a (base 11) to base 15.
-5c
Convert 2 (base 9) to base 11.
2
Convert -3313 (base 4) to base 6.
-1051
Convert 414 (base 5) to base 13.
85
Convert -20 (base 9) to base 4.
-102
5 (base 9) to base 6
5
What is -41 (base 13) in base 9?
-58
11 (base 2) to base 4
3
Convert -1ac (base 14) to base 16.
-15c
0 (base 4) to base 9
0
-57 (base 10) to base 4
-321
21202 (base 3) to base 12
155
What is 4 (base 13) in base 7?
4
Convert 1 (base 15) to base 5.
1
Convert 13 (base 5) to base 6.
12
-10 (base 10) to base 16
-a
1 (base 9) to base 3
1
What is 4 (base 15) in base 14?
4
5 (base 10) to base 15
5
Convert 7 (base 11) to base 8.
7
7 (base 14) to base 8
7
Convert 2 (base 16) to base 13.
2
-40 (base 9) to base 6
-100
2 (base 6) to base 7
2
100 (base 2) to base 14
4
111 (base 7) to base 16
39
Convert -65 (base 10) to base 13.
-50
Convert -211 (base 6) to base 3.
-2221
What is 2 (base 8) in base 2?
10
What is -11 (base 10) in base 7?
-14
-45 (base 14) to base 9
-67
What is 22 (base 6) in base 10?
14
c (base 16) to base 4
30
-3 (base 11) to base 9
-3
135 (base 10) to base 7
252
Convert -22 (base 7) to base 5.
-31
Convert 2 (base 3) to base 11.
2
12 (base 5) to base 4
13
What is -1002 (base 3) in base 11?
-27
What is -2 (base 4) in base 5?
-2
Convert -211 (base 3) to base 13.
-19
What is -38 (base 16) in base 8?
-70
Convert -5 (base 6) to base 9.
-5
What is 6 (base 14) in base 10?
6
Convert -341 (base 6) to base 10.
-133
-7 (base 14) to base 11
-7
Convert -1000 (base 3) to base 2.
-11011
Convert -1c (base 13) to base 3.
-221
What is -323 (base 6) in base 3?
-11120
What is 14 (base 6) in base 2?
1010
-69 (base 13) to base 2
-1010111
11 (base 15) to base 2
10000
Convert -2 (base 9) to base 7.
-2
What is 51 (base 8) in base 5?
131
What is 3 (base 16) in base 10?
3
-427 (base 8) to base 15
-139
What is -1 (base 13) in base 9?
-1
What is -9 (base 13) in base 15?
-9
What is 14 (base 7) in base 11?
10
24 (base 12) to base 15
1d
What is -17 (base 14) in base 4?
-111
Convert -7c (base 15) to base 7.
-225
-4 (base 7) to base 6
-4
What is 1111 (base 2) in base 5?
30
Convert 5 (base 11) to base 3.
12
27 (base 13) to base 16
21
-a4 (base 12) to base 6
-324
47 (base 10) to base 9
52
What is 0 (base 15) in base 2?
0
What is 14 (base 8) in base 13?
c
What is 43 (base 6) in base 13?
21
21 (base 10) to base 12
19
-180 (base 9) to base 14
-ad
Convert -32 (base 5) to base 9.
-18
252 (base 7) to base 10
135
Convert -133 (base 5) to base 16.
-2b
Convert -38 (base 9) to base 13.
-29
2 (base 7) to base 3
2
Convert -11 (base 12) to base 7.
-16
Convert e2 (base 15) to base 6.
552
Convert 23 (base 6) to base 9.
16
-2 (base 14) to base 12
-2
Convert 2 (base 11) to base 5.
2
11 (base 2) to base 14
3
What is -15 (base 12) in base 15?
-12
Convert 231 (base 9) to base 14.
d8
What is -2201 (base 3) in base 6?
-201
-51 (base 8) to base 4
-221
Convert -4 (base 13) to base 11.
-4
-6 (base 8) to base 4
-12
2000 (base 3) to base 16
36
-1 (base 6) to base 12
-1
Convert -131 (base 4) to base 6.
-45
What is 5 (base 10) in base 16?
5
Convert 321 (base 4) to base 12.
49
What is -122 (base 3) in base 6?
-25
Convert -4 (base 6) to base 4.
-10
What is 25 (base 6) in base 13?
14
What is -101111 (base 2) in base 8?
-57
Convert -1 (base 7) to base 13.
-1
-121 (base 3) to base 15
-11
-200 (base 5) to base 14
-38
Convert -121 (base 7) to base 14.
-48
What is 5 (base 15) in base 8?
5
Convert -231 (base 7) to base 3.
-11110
0 (base 15) to base 4
0
Convert -42 (base 6) to base 16.
-1a
41 (base 15) to base 8
75
Convert -4 (base 12) to base 6.
-4
What is 102 (base 11) in base 15?
83
Convert -26 (base 8) to base 15.
-17
What is -5 (base 11) in base 2?
-101
Convert 77 (base 8) to base 9.
70
Convert -100 (base 3) to base 9.
-10
What is -10a (base 13) in base 4?
-2303
What is -220 (base 4) in base 3?
-1111
Convert 9b (base 13) to base 12.
a8
What is -26 (base 12) in base 9?
-33
Convert 24 (base 5) to base 4.
32
What is -112 (base 4) in base 10?
-22
-168 (base 10) to base 5
-1133
-110011 (base 2) to base 15
-36
What is 42 (base 5) in base 3?
211
What is 220 (base 5) in base 9?
66
What is 3 (base 4) in base 12?
3
What is -b (base 16) in base 9?
-12
What is -3 (base 15) in base 5?
-3
10 (base 3) to base 8
3
What is -5 (base 14) in base 16?
-5
What is -1 (base 12) in base 9?
-1
Convert 4 (base 7) to base 16.
4
Convert 110100 (base 2) to base 9.
57
What is 121 (base 4) in base 8?
31
Convert 44 (base 10) to base 2.
101100
Convert 1221 (base 3) to base 15.
37
44 (base 5) to base 12
20
-1 (base 16) to base 14
-1
-12 (base 5) to base 14
-7
What is b5 (base 15)